s of h(-15).
2, 443
Let g be ((0/4)/3)/2. Suppose 5*j + j + 228 = g. What are the prime factors of j/19 + (1 - -19)?
2, 3
Let r = 22 - 20. Suppose 2*k = 3*z + 706, -k + r*k - 5*z = 360. Suppose 5*b = 10*b - k. List the prime factors of b.
2, 5, 7
Let h be 56/40 + 3/5. Suppose -h*i + 4*c - 73 = -3*i, 4*i = -5*c + 248. List the prime factors of i.
3, 19
Let r = -43 + 46. Suppose 4*f + 2*d = 3*f + 228, -890 = -4*f + r*d. List the prime factors of f.
2, 7
Let y(x) = -x**2 - 13*x + 11. Let s be y(-10). Let v = s + -20. Suppose -5*u + 19 = -v. What are the prime factors of u?
2
Let a(g) = g**2 + 2*g - 33. Let x be a(-8). What are the prime factors of (-1)/x*-327*5?
109
Let w(k) = -7*k - 14. Let v be w(-6). Suppose 4*y - h - 77 = 0, -2*y + 4*h + 14 = -v. What are the prime factors of y?
19
Let j(d) = -5*d**2 - 13*d - 18. Let k(f) = 4*f**2 + 13*f + 17. Let z(g) = -3*j(g) - 4*k(g). Let u be z(-12). List the prime factors of (-38)/u - (-10 + 9).
2, 5
Let b = 73 - -13. Let u = -36 + b. List the prime factors of u.
2, 5
Let a be 4/6*(-3 + -9). Let r be a/((-27)/6 + 4). What are the prime factors of -4*(2 - 220/r)?
47
Let r(a) = a**3 - a**2 - a + 3. Suppose 0 = 6*h + 2 + 16. Let q be r(h). Let i = q + 59. What are the prime factors of i?
29
Suppose -f = 4*o - o + 43, -o = -3*f + 31. What are the prime factors of (-1240)/o + (-1)/2?
7, 11
Let p be (-30)/(-8) + 2/8. Suppose -4 = p*l - 8. List the prime factors of l/1 + 58/2.
2, 3, 5
Let x(d) = d**3 - 10*d**2 + 9*d - 11. Let z be x(11). Suppose 539 = -5*i + z. Let w = i - -117. List the prime factors of w.
3, 17
Suppose 0 = -4*i + i + 15. Let r be 122 - (35/i - 3). Suppose 19*f = 17*f + r. What are the prime factors of f?
59
Let b = 12 - 17. List the prime factors of (1 + (-57)/b)*5.
2, 31
Suppose 4*z + 35 = -101. Let n = -30 - z. Suppose -n*v + 99 + 161 = 0. What are the prime factors of v?
5, 13
Let j(c) = c**2 - 3*c. Let n be j(2). Let z = 333 - 332. List the prime factors of 0 + z/n*-58.
29
Let y(c) be the first derivative of c**6/60 - c**5/40 + c**4/12 - 7*c**3/3 - 3. Let m(v) be the third derivative of y(v). What are the prime factors of m(3)?
47
Suppose 4*s - 15 = 9. What are the prime factors of 51/s*6 - -1?
2, 13
Let f = -18 + 11. Let j(g) = -g**3 - 5*g**2 + 5*g - 5. List the prime factors of j(f).
2, 29
Let t(m) = 1172*m - 317. List the prime factors of t(4).
3, 31, 47
Suppose 9*l - 30 = -12. Suppose p + m = 42, 0*p - l*m + 127 = 3*p. List the prime factors of p.
43
Suppose 0*w + w - 18 = 0. Suppose -5*n + 3*z = -n - 57, 2*n + 2*z = w. What are the prime factors of 173/7 + n/42?
5
Let p be (6 - -5)*(1 + (-4 - -1)). Suppose 2*m = -2*m + 168. Let b = p + m. What are the prime factors of b?
2, 5
Let y be 16/(-28)*((-21)/6)/1. Suppose y*w + 242 = 3*s, -s - s - w = -159. List the prime factors of s.
2, 5
Let a(j) = j**3 - 4*j**2 - 7*j - 3. Suppose 9*t = t + 56. What are the prime factors of a(t)?
5, 19
Let c be 54 - (3 + -3 + 0). Let f be (-36)/(-7)*(-1 + 8). Let p = c - f. What are the prime factors of p?
2, 3
Suppose 14*i - 27434 = 3*i. List the prime factors of i.
2, 29, 43
Suppose 2982 = 26*b - 19*b. What are the prime factors of b?
2, 3, 71
Suppose 0 = n + 3*s - 3949, 0 = 12*s - 7*s - 10. List the prime factors of n.
3943
Suppose 4*n - 67 = 2*p + n, 0 = -5*p + 5*n - 155. Let q = p + 30. Suppose -v + 2*v - 22 = -q*a, 2*v - 14 = 2*a. What are the prime factors of v?
2, 5
Let j(r) = 12*r**2 - 20*r. What are the prime factors of j(6)?
2, 3, 13
Let b = 5316 - 2245. What are the prime factors of b?
37, 83
Let j(w) = 13*w**3 - 5*w + 6. Let f be j(1). List the prime factors of (f/8 - 2)*-356.
89
Suppose 197*f = 212*f - 7710. List the prime factors of f.
2, 257
Let p(h) = 3*h**3 - 28*h**2 + 21*h + 11. List the prime factors of p(11).
7, 11
Let x = -37 + 67. What are the prime factors of ((-4)/4)/((-2)/x)?
3, 5
Let i(w) = -w**3 - 2*w**2 + 4*w + 3. Let s be i(-3). Let j be (-4)/10 + (-425)/(-125). Suppose -j*o + 29 + 61 = s. What are the prime factors of o?
2, 3, 5
Let u(l) = l**2 - 10*l - 240. List the prime factors of u(-42).
2, 3
Let y = 359 - 196. What are the prime factors of y?
163
Suppose -5*p + 10514 = -p - 6*n, 0 = -n - 1. List the prime factors of p.
37, 71
Let s(f) = f**3 + 17*f**2 - 8*f + 34. List the prime factors of s(-16).
2, 11, 19
Let s = -56 - -84. List the prime factors of s.
2, 7
Let v be (12/10)/((-6)/15) + 74. Suppose -7*f + v + 594 = 0. List the prime factors of f.
5, 19
Let j(l) = 5*l**2 + 33*l + 15. List the prime factors of j(-7).
29
Let i(z) = 32*z**2 - 53*z - 21. What are the prime factors of i(-6)?
3, 7, 23
List the prime factors of -7 + (-231)/(-35) + 32144/35.
2, 3, 17
Suppose 43*g - 48*g = -5080. List the prime factors of g.
2, 127
Let z(t) = 151*t**2 - 3*t. Let o be z(-1). Suppose o + 24 = 2*l. List the prime factors of l.
89
List the prime factors of (-28)/(-35)*(-905)/(-2).
2, 181
Let k be 4669/(-35) - (-6)/15. Let o = k - -197. List the prime factors of o.
2
Let a(q) = -5 + q + 0 + 1 + 1. Let i be a(-3). What are the prime factors of (-140)/(-12) - 8/i?
13
Let y = -42 + 51. What are the prime factors of y/(1 + 2) - -22?
5
Let m = 1111 + -432. What are the prime factors of m?
7, 97
Suppose -86480 = -34*g - 12*g. What are the prime factors of g?
2, 5, 47
Suppose -4*d = -9*d + 7080. List the prime factors of d.
2, 3, 59
Let l(x) = -x**3 - 7*x**2 - x - 2. Let m be l(-7). Suppose -110 = 5*p + 2*o, 4*p = 3*p + 3*o - m. List the prime factors of 4/(-10) + (-308)/p.
3, 5
What are the prime factors of -754*((-1)/5 - 3276/420)?
2, 13, 29
Suppose 3*l - 2*a - 162 = 0, 5*l = 2*a + 138 + 136. Let x = -10 + l. What are the prime factors of x?
2, 23
Let n = -79 - -83. Suppose -n*z - 112 = -5*y + 27, 2*y - z = 55. What are the prime factors of y?
3
Let b be (-8 - -176) + (-2)/1. Let p = -42 + b. List the prime factors of p.
2, 31
Let k = 1 - -2. Suppose 0 = -k*m - 2*m - 150. Let c = 15 - m. List the prime factors of c.
3, 5
Suppose -7*y + 4*y + 15 = 0. Let h = y + -3. Suppose 2*r - 62 = -3*a, -a - 22 = -r + h*a. What are the prime factors of r?
2, 7
List the prime factors of ((-1580)/(-12) - 4/4)*18.
2, 3, 7
Let u = 1629 - -1500. What are the prime factors of u?
3, 7, 149
Suppose -3*v + v + 174 = -4*p, -5*p = 5*v - 390. List the prime factors of v.
3
Suppose -2*t - 9370 = -5*y, 5*y - 9365 = 10*t - 7*t. What are the prime factors of y/10 - 42/70?
11, 17
Let i(l) = 52*l. Let r be i(-1). Suppose 373 - 238 = -5*m. Let y = m - r. List the prime factors of y.
5
Suppose 45 - 55 = -5*k, 0 = -2*v - 5*k + 2630. What are the prime factors of v?
2, 5, 131
Suppose -11 = 4*n + 49. Let c be 2/5 - (-246)/n. Let m = c + 63. What are the prime factors of m?
47
Let f = 11 - 1. Let j = f - -23. What are the prime factors of j?
3, 11
Let y = -70 - -66. Let n(z) = -20*z + 11. What are the prime factors of n(y)?
7, 13
Let u = -21 + 36. Let z = u - 10. Suppose z*h - 1 = 124. What are the prime factors of h?
5
Let v = 12 + -10. Let o be 3*(-40)/(-12) - v. Let t(g) = g**2 - 6*g - 1. List the prime factors of t(o).
3, 5
Let y be (-8 + 0)/(2/(-12)). Suppose 3*h - 4*g = -2*h + 192, -h + y = 4*g. List the prime factors of h.
2, 5
Suppose 2 = -16*y + 14*y. What are the prime factors of y*(1/(-6) + 2086/(-84))?
5
Let i = 12 + -13. Let s(g) = 10*g**2 - 2*g - 1. Let a be s(i). Let z = a - 8. List the prime factors of z.
3
Let v(o) be the third derivative of o**6/360 + o**4/24 + 5*o**3/6 - 2*o**2. Let g(b) be the first derivative of v(b). What are the prime factors of g(3)?
2, 5
Let a(u) = -u**2 - 13*u - 6. Let o be a(-12). Suppose 3*w - 40 = o*w + 2*g, 12 = -w - g. List the prime factors of 46*(-4)/w*2.
23
Let y(j) = 4*j - 7. Let t be (-64)/(-10) + 2/(-5). Let n be t*2 + (-6)/2. List the prime factors of y(n).
29
Let k(c) = 6*c**2 + 1. Let n be k(-1). Let v(o) = -2 - 5*o - 3 - o**2 - n*o. List the prime factors of v(-9).
2, 11
Let o(y) = 24*y + 40. What are the prime factors of o(11)?
2, 19
Suppose -v - 2 = -0*v. Let r = -3 - v. List the prime factors of (r + -11)*(-16)/24.
2
What are the prime factors of (-40)/5 + 20 + 3735?
3, 1249
Suppose w - 5*i - 14 = 0, 4*i - 3*i + 37 = 2*w. List the prime factors of w.
19
Let l = 42 + -30. Suppose 0 = -3*f - f - l. List the prime factors of 0 + 21 + 0 - f.
2, 3
Let d(p) be the th